0. Give v(-55).
15
Let t(n) = 503*n**2 - 67*n + 67. Determine t(1).
503
Let t(v) = 75*v - 2213. Give t(30).
37
Let g(j) = -j**2 - 122*j + 62. Give g(0).
62
Let a(q) = -q**3 - 13*q**2 - 36*q + 22. Give a(-8).
-10
Let t(w) = 39*w + 150. Calculate t(-4).
-6
Let z(h) = h**3 + 35*h**2 - 52*h - 39. Determine z(2).
5
Let p(y) = -3*y**2 + 18*y + 135. Give p(13).
-138
Let x(v) = -5*v**2 + 5*v - 12. Give x(3).
-42
Let k(n) = -n**3 - 52*n**2 - 557*n - 13. Give k(-37).
61
Let d(j) = -j**2 + 10*j + 84. Give d(-9).
-87
Let a(c) = 18*c - 350. Calculate a(21).
28
Let i(c) = 3*c**3 + 12*c**2 - 6*c + 3. Determine i(0).
3
Let j(i) = 6*i**2 + 323*i - 59. Determine j(-54).
-5
Let i(j) = 5*j - 43. What is i(-6)?
-73
Let k(d) = -d**2 + 28*d - 92. What is k(29)?
-121
Let r(p) = -9*p**2 - 27*p - 51. What is r(-5)?
-141
Let p(k) = 2935*k + 58686. What is p(-20)?
-14
Let b(q) = -q**3 - 35*q**2 + 2*q - 59. Calculate b(-35).
-129
Let m(t) = -t**2 + 17*t. Determine m(9).
72
Let n(w) = w**3 + 58*w**2 - 1861*w - 52. What is n(23)?
-6
Let r(p) = -247*p - 1232. Calculate r(-4).
-244
Let o(a) = -120*a - 4340. What is o(-36)?
-20
Let v(t) = -92*t + 115. Give v(1).
23
Let o(l) = -11*l - 198. What is o(-11)?
-77
Let l(k) = -k**2 + 85*k - 1683. Give l(32).
13
Let j(n) = 2437*n + 29243. Give j(-12).
-1
Let d(q) = 3*q**3 + 145*q**2 - 256*q - 288. Give d(-50).
12
Let k(o) = o**3 - 43*o**2 + 221*o + 28. Determine k(37).
-9
Let m(q) = -8*q + 222. Calculate m(-17).
358
Let q(h) = 135*h**3 - h**2 + 7*h + 7. Calculate q(-1).
-136
Let r(p) = p**3 + 15*p**2 + 19*p + 286. Determine r(-15).
1
Let r(f) = f**2 + 15*f + 10. Give r(-4).
-34
Let v(c) = -c + 642. Calculate v(-14).
656
Let q(a) = 639*a - 6966. Calculate q(11).
63
Let m(c) = -2*c**2 - 7*c + 13. Determine m(-17).
-446
Let k(t) = -4*t**3 - 3*t**2 + 3*t + 23. Determine k(-3).
95
Let n(p) = -136*p**2 - 2*p + 1. Give n(1).
-137
Let w(d) = -50*d**3 + 3*d**2 + 69*d + 67. What is w(-1)?
51
Let x(b) = 2*b**2 + 15*b - 85. Calculate x(-18).
293
Let h(t) = -86*t**2 - 603*t + 2. Calculate h(-7).
9
Let t(o) = -o**2 + 45*o + 140. What is t(48)?
-4
Let o(y) = 814*y - 4889. Determine o(6).
-5
Let y(d) = d**3 - 5*d**2 - 3*d - 3. What is y(6)?
15
Let z(t) = t**2 + 39*t + 7. Calculate z(0).
7
Let v(a) = a**2 - 30*a + 25. Determine v(32).
89
Let a(l) = l**3 - 17*l**2 + 43*l + 100. Determine a(13).
-17
Let m(v) = v**3 - 48*v**2 - 49*v + 60. Determine m(49).
60
Let k(w) = -w**2 + 23*w - 98. What is k(12)?
34
Let y(f) = f**3 - 37*f**2 - 6*f + 216. Determine y(37).
-6
Let o(n) = -n**3 - n**2 + 31*n - 94. What is o(3)?
-37
Let l(w) = w**3 + 30*w**2 + 71*w + 549. Calculate l(-28).
129
Let f(o) = o**2 - 23*o + 71. Calculate f(19).
-5
Let p(b) = -712*b + 10665. What is p(15)?
-15
Let x(a) = -218*a - 2564. Determine x(-12).
52
Let x(v) = -v**3 + 3*v**2 + 18*v - 69. Determine x(7).
-139
Let a(b) = 52*b + 3475. Determine a(-67).
-9
Let m(i) = 13*i + 588. What is m(-40)?
68
Let r(x) = x**2 - 24*x + 109. What is r(15)?
-26
Let i(d) = 5*d**3 - 3*d**2 - 24*d - 23. Give i(-1).
-7
Let r(v) = -3*v**3 - 2*v**2 + 5*v + 19. What is r(0)?
19
Let c(r) = -2*r**3 + 25*r**2 - 79*r - 12. Determine c(7).
-26
Let j(t) = -1070*t + 11768. Calculate j(11).
-2
Let s(z) = z**3 - 57*z**2 + 56*z - 36. Determine s(56).
-36
Let s(o) = -8*o**3 - 156*o**2 - 73*o + 14. Give s(-19).
-43
Let u(s) = s**2 - 70*s - 36023. Calculate u(-158).
1
Let x(n) = 294*n - 878. Give x(3).
4
Let z(g) = 7*g**2 + 66*g - 292. Calculate z(-14).
156
Let b(q) = -15*q**3 + q**2 + 18*q + 15. Calculate b(-1).
13
Let w(u) = -4*u**3 + 31*u**2 - 15*u - 42. What is w(7)?
0
Let q(n) = -n**3 - 13*n**2 + 7*n + 12. Give q(-4).
-160
Let f(d) = d**2 - 115*d + 2373. Give f(88).
-3
Let n(u) = -2*u**2 - 46*u + 16. Give n(-20).
136
Let a(n) = 2*n**3 + 14*n**2 + 2*n + 18. What is a(-7)?
4
Let i(w) = -29*w + 682. Calculate i(22).
44
Let f(k) = k**3 + 13*k**2 - 26*k - 324. Give f(-14).
-156
Let d(g) = 5*g + 86. What is d(26)?
216
Let r(n) = 15*n - 112. What is r(6)?
-22
Let n(s) = -752*s - 3040. Calculate n(-4).
-32
Let s(x) = -19*x**3 + 328*x**2 - 88*x + 43. Calculate s(17).
-8
Let v(l) = l**3 - 15*l**2 - 309*l + 4652. Determine v(15).
17
Let f(c) = 26*c - 294. Give f(9).
-60
Let a(c) = c**2 - 93*c + 2008. Determine a(59).
2
Let b(g) = 2200*g - 19806. What is b(9)?
-6
Let s(w) = 467*w - 2800. Determine s(6).
2
Let a(x) = 30*x - 596. Give a(20).
4
Let h(s) = -s**3 + 36*s**2 - 249*s + 53. Determine h(9).
-1
Let i(t) = -2*t**3 + 172*t**2 + 703*t - 62. Determine i(-4).
6
Let h(z) = 27*z + 196. What is h(-8)?
-20
Let f(l) = -l**2 + 59*l + 84. Calculate f(62).
-102
Let q(x) = -80*x - 1197. Calculate q(-7).
-637
Let r(i) = -147*i - 428. What is r(-3)?
13
Let y(m) = -m**3 - 99*m**2 - 630*m + 779. Give y(-8).
-5
Let h(s) = -53*s - 157. Calculate h(-4).
55
Let j(r) = 5*r**2 - 430*r + 404. Calculate j(85).
-21
Let n(m) = 18*m + 168. Calculate n(-9).
6
Let v(k) = -k**2 + 36*k + 184. Calculate v(0).
184
Let j(k) = k + 377. What is j(-26)?
351
Let f(j) = 2*j**3 + 156*j**2 + 155*j + 105. Calculate f(-77).
28
Let k(b) = 16*b - 183. What is k(13)?
25
Let t(o) = -o**2 - 106*o - 1370. Calculate t(-15).
-5
Let b(g) = 2*g**2 + 20*g + 29. Give b(-5).
-21
Let x(y) = 2*y**3 + 8*y**2 - 7*y + 1. What is x(-5)?
-14
Let c(g) = -349*g - 26157. What is c(-75)?
18
Let c(y) = 2*y**2 + 73*y + 468. Calculate c(-10).
-62
Let o(t) = t**2 - 104*t + 936. Determine o(94).
-4
Let d(b) = -6124*b + 12244. Give d(2).
-4
Let p(u) = 3*u**3 - 17*u**2 - 9*u + 16. Calculate p(6).
-2
Let m(k) = k**3 + 14*k**2 + 17*k - 76. Give m(-12).
8
Let q(m) = 42*m + 168. Give q(0).
168
Let j(g) = 195*g + 6385. Determine j(-33).
-50
Let f(v) = -24*v**3 - 122*v**2 - 9*v + 15. What is f(-5)?
10
Let b(h) = -356*h + 2703. What is b(8)?
-145
Let r(y) = y**2 + 194*y + 4794. Determine r(-29).
9
Let s(w) = 60*w + 91. What is s(-9)?
-449
Let l(m) = -794*m - 1628. What is l(-2)?
-40
Let t(g) = g**3 - 5*g**2 + 9*g - 3. Determine t(3).
6
Let n(j) = 337*j + 8090. Determine n(-24).
2
Let j(w) = -265*w - 51. Determine j(1).
-316
Let r(q) = 55*q - 183. Calculate r(3).
-18
Let f(l) = l**3 + 6*l**2 - 7*l - 41. Give f(-3).
7
Let q(v) = -v**3 - 5*v**2 + 21*v + 46. Determine q(-2).
-8
Let p(h) = 758*h + 41689. Give p(-55).
-1
Let d(o) = -116*o**2 - 1395*o - 7. Calculate d(-12).
29
Let a(i) = -2*i**3 + 12*i**2 - 8*i + 7. Give a(5).
17
Let a(u) = u**3 - 47*u**2 + 245*u + 45. Calculate a(41).
4
Let v(j) = -2*j**3 + 31*j**2 - 37*j + 8. Give v(14).
78
Let g(r) = 2*r**2 + 99*r - 556. Calculate g(5).
-11
Let y(x) = x**3 + 57*x**2 + 546*x + 33. Calculate y(-45).
-237
Let i(a) = 47*a - 400. What is i(9)?
23
Let n(h) = h**3 + 9*h**2 + 68*h + 322. Give n(-6).
22
Let o(d) = -165*d + 57. Determine o(4).
-603
Let a(h) = -h**3 - 11*h**2 - 23*h - 2. What is a(-9)?
43
Let v(g) = g**3 - 15*g**2 - 7*g + 21. Determine v(14).
-273
Let m(o) = -151*o + 4. What is m(1)?
-147
Let s(h) = -4*h**2 - 44*h - 509. Determine s(-13).
-613
Let y(a) = -2*a**3 - 54*a**2 - 58*a - 16. Determine y(-26).
140
Let f(h) = -6395*h - 6389. Determine f(-1).
6
Let r(w) = w**3 - 9*w**2 + 84*w - 474. Give r(7).
16
Let l(g) = -2*g**3 - 33*g**2 + 18*g + 16. Calculate l(-17).
-1
Let q(z) = -648*z + 11675. Calculate q(18).
11
Let h(i) = -44*i - 3383. Determine h(-77).
5
Let j(v) = 13*v**3 - 5*v**2 + 6*v - 4. Give j(1).
10
Let v(m) = -5*m**3 + 27*m**2 - 79*m + 572. Calculate v(6).
-10
Let m(g) = -3*g**3 + 3*g**2 - 15*g - 17. Give m(-1).
4
Let b(o) = -o**3 + 13*o**2 + 49*o - 5. What is b(16)?
11
Let m(v) = 4*v**3 + 73*v**2 - 80*v - 455. Determine m(-19).
-18
Let g(q) = -q**2 + 22*q + 15. Determine g(20).
55
Let h(w) = 1369*w - 4101. Determine h(3).
6
Let v(o) = 1635*o + 29. What is v(0)?
29
Let n(v) = v**2 - 20*v - 221. Calculate n(31).
120
Let a(l) = -155*l - 11630. What is a(-75)?
-5
Let x(g) = -13*g + 331. Determine x(26).
-7
Let r(a) = -9*a - 508. Give r(-57).
5
Let s(k) = -k**2 + 2*k + 370. Give s(27).
-305
Let h(f) = -180*f - 31. What is h(-1)?
149
Let z(r) = -r**2 + 208*r + 2176. Give z(-10).
-4
Let z(v) = -3*v**2 + 256*v - 987. What is z(4)?
-11
Let m(d) = -d**3 - 19*d**2 - 95*d - 36. Determine m(-9).
9
Let n(p) = p**3 - 2*p**2 + 50*p - 237. Determine n(4).
-5
Let h(i) = -8*i**2 + 102*i - 229. Give h(10).
-9
Let z(i) = i**3 - 18*i**2 - 19*i + 836. Determine z(